4*o**2 - 9941*o + 40. What is c(35)?
5
Let r(z) = z**3 + 37*z**2 + 109*z - 3595. What is r(-29)?
-28
Let w(r) = 2*r**2 - 558*r - 10701. Calculate w(-18).
-9
Let m(s) = 3*s**2 - 18851*s + 469396. Give m(25).
-4
Let h(y) = y**3 - 67*y**2 - 104*y - 499. What is h(0)?
-499
Let f(o) = o**2 + 2829*o + 163628. What is f(-59)?
198
Let j(m) = 1122*m + 46778. Give j(-41).
776
Let b(j) = j**3 + 72*j**2 + 4726*j + 360694. Determine b(-74).
18
Let z(v) = -173340*v - 2946772. Determine z(-17).
8
Let b(g) = 15*g**2 + 35358*g + 212178. Calculate b(-6).
570
Let k(u) = 144*u**2 - 14693*u + 534. What is k(102)?
24
Let p(y) = 18739*y + 75291. Determine p(-4).
335
Let q(s) = -s**3 - 69*s**2 + 1068*s - 733. Determine q(-82).
-897
Let r(p) = -2093*p**2 + 8388*p + 16. Give r(4).
80
Let q(a) = a**3 + 14*a**2 + 670*a + 2694. Determine q(-4).
174
Let r(k) = -156121*k + 468652. Calculate r(3).
289
Let n(q) = -q**2 - 89*q - 2413. What is n(-51)?
-475
Let f(o) = -53*o**2 + 4976*o + 429. Give f(94).
-135
Let r(v) = -101728*v - 203501. Give r(-2).
-45
Let h(f) = f**2 + 5359*f - 573662. Give h(105).
58
Let c(r) = -2*r**3 - 224*r**2 + 1180*r + 1272. What is c(-117)?
102
Let c(l) = 59*l - 646. What is c(23)?
711
Let k(w) = -581*w**2 + 3012*w - 348. Determine k(5).
187
Let v(a) = 17679*a + 265598. Give v(-15).
413
Let x(r) = -r**2 + 235*r + 20111. Calculate x(-67).
-123
Let r(a) = a**2 - 1065*a + 283175. What is r(552)?
-1
Let f(r) = -299698*r - 13786104. Calculate f(-46).
4
Let k(c) = 47*c**2 + 12*c - 51. Give k(4).
749
Let q(d) = -d**3 - 405*d**2 - 20406*d + 496. What is q(-59)?
24
Let b(n) = -5*n**3 + 46*n**2 - 25*n + 97. Determine b(9).
-47
Let a(w) = 1373*w - 17808. Calculate a(13).
41
Let a(f) = f**3 + 200*f**2 + 727*f - 230. Calculate a(-4).
-2
Let o(d) = -d**3 - 351*d**2 + 630*d - 26827. Calculate o(-353).
1
Let q(k) = 1628*k - 78053. Give q(48).
91
Let a(z) = -z**3 - 105*z**2 + 185*z - 3029. What is a(-107)?
74
Let s(a) = -184*a**2 + 2794*a - 555. What is s(15)?
-45
Let q(h) = -2*h**2 + 2994*h + 1218739. Calculate q(-333).
-41
Let r(t) = -4*t**3 + 4*t**2 - 176142*t - 176147. What is r(-1)?
3
Let f(p) = 71*p + 8386. Determine f(-127).
-631
Let n(a) = -68142*a + 6405346. Calculate n(94).
-2
Let w(a) = 2*a**3 - 181*a**2 + 2936*a + 2143. What is w(69)?
4
Let n(y) = -162*y**2 + 1268*y + 7. Calculate n(8).
-217
Let j(k) = 606580*k - 146185777. Give j(241).
3
Let n(a) = 25863*a + 51901. What is n(-2)?
175
Let p(d) = -64*d**3 - d**2 + 40*d + 76. Calculate p(-2).
504
Let z(y) = -y**3 + 565*y**2 - 8213*y - 546. Determine z(15).
9
Let c(d) = 44*d**2 + 1841*d - 5532. Determine c(3).
387
Let w(v) = v**3 + 23*v**2 - 104966*v - 2414219. Determine w(-23).
-1
Let d(t) = 5*t**3 - 923*t**2 + 553*t - 158. Give d(184).
26
Let j(z) = 10*z**2 + 192*z - 251. Give j(10).
2669
Let o(p) = 348*p**2 + 83871*p + 682. What is o(-241)?
-41
Let a(h) = 31064*h - 217282. What is a(7)?
166
Let v(a) = -a**2 - 5293*a - 32. Calculate v(0).
-32
Let g(v) = -976686*v - 66414638. What is g(-68)?
10
Let p(h) = -h**3 + 60*h**2 - 175*h + 242. Give p(57).
14
Let x(c) = -259*c + 13737. Give x(55).
-508
Let i(b) = -22965*b - 734892. What is i(-32)?
-12
Let z(g) = -578*g - 8909. Calculate z(-16).
339
Let z(u) = -3801*u - 38023. Give z(-10).
-13
Let v(d) = -6147*d - 2206783. Determine v(-359).
-10
Let d(a) = -119*a - 8340. What is d(-67)?
-367
Let v(q) = -104*q + 5264. What is v(61)?
-1080
Let i(p) = 1964*p + 62827. Give i(-32).
-21
Let k(n) = -8*n**2 - 167*n + 1497. What is k(-16)?
2121
Let v(b) = 7511*b + 34118. Give v(-5).
-3437
Let q(s) = -s**3 + 163*s**2 - 5888*s + 20. Determine q(54).
-88
Let t(q) = 150256*q - 8414317. Give t(56).
19
Let x(u) = 2*u**3 - 3*u**2 + 68*u + 781. Calculate x(-9).
-1532
Let s(n) = -7908*n - 4203. Give s(-1).
3705
Let n(r) = 15*r**2 - 474*r + 41. What is n(31)?
-238
Let g(f) = -160*f**2 - 2559*f + 154. What is g(-16)?
138
Let z(q) = -5830*q - 419750. Calculate z(-72).
10
Let i(v) = 2*v**3 + 79*v**2 + 99*v - 1526. Calculate i(-38).
-956
Let z(f) = 206*f**3 - 1028*f**2 - 5*f - 5. Determine z(5).
20
Let k(p) = 658*p + 10168. Determine k(-14).
956
Let p(s) = 25*s**2 - 7594*s - 1864. Calculate p(304).
-40
Let k(l) = 34*l**3 + 714*l**2 - 474*l - 9991. What is k(-21)?
-37
Let j(o) = -3*o**3 + 212*o**2 + 1022*o - 562. Calculate j(-5).
3
Let u(c) = 12*c**3 - 322*c**2 - 53*c + 55. Give u(27).
82
Let y(b) = -2001*b + 246130. Calculate y(123).
7
Let y(t) = -t**3 + 13*t**2 - 68*t + 370. Calculate y(14).
-778
Let z(l) = -71005*l - 1420104. What is z(-20)?
-4
Let l(z) = 19*z**2 + 3097*z - 3093. Give l(1).
23
Let z(c) = -53*c**3 - 114*c**2 - 441*c - 18. Calculate z(-4).
3314
Let k(f) = 7*f - 116. Determine k(-9).
-179
Let q(f) = 16953*f - 2949819. Calculate q(174).
3
Let l(d) = 2*d**3 + 13*d**2 - 49*d - 347. Calculate l(-8).
-147
Let r(u) = -15*u**2 + 938*u - 14394. Determine r(27).
-3
Let g(o) = -996*o + 9791. What is g(10)?
-169
Let h(w) = 3*w**3 - 13*w**2 - 330*w - 52. Give h(13).
52
Let m(v) = -41*v**2 + 767*v - 3277. Calculate m(12).
23
Let a(q) = -30*q + 2632. What is a(100)?
-368
Let v(a) = -16*a**3 - 1599*a - 4776. What is v(-3)?
453
Let b(u) = -3*u**3 - u**2 + 2483*u + 2481. What is b(-1)?
0
Let c(y) = -2*y**3 + 179*y**2 + 291*y - 1639. Determine c(91).
-1
Let u(m) = -m**3 - 6857*m**2 - 95805*m - 35. Calculate u(-14).
7
Let o(a) = 2546*a**2 + 45826*a - 39. Calculate o(-18).
-3
Let j(b) = -935*b - 240289. Give j(-257).
6
Let r(l) = 11*l**3 + 1141*l**2 - 294*l + 64. Calculate r(-104).
-1808
Let g(c) = -3*c**2 - 132*c - 1246. Give g(-22).
206
Let h(l) = -2*l**3 + 41*l**2 + 27*l + 860. Give h(22).
2
Let q(a) = -349*a - 13102. Give q(-37).
-189
Let o(x) = -x**3 - 14*x**2 - 8981*x - 53618. What is o(-6)?
-20
Let f(s) = -7*s**3 + 51*s**2 + 25*s - 287. Calculate f(7).
-14
Let v(r) = -r**3 + 240*r**2 - 230*r - 10. Give v(1).
-1
Let v(s) = -8*s**2 - 1105*s + 69369. What is v(-185)?
-6
Let i(g) = 11*g**2 - 6927*g - 93883. Determine i(643).
-5
Let l(a) = -11*a**2 - 1660*a - 1488. What is l(-150)?
12
Let d(j) = -694*j + 11770. Calculate d(17).
-28
Let l(g) = 41*g**2 - 739*g + 148. Determine l(16).
-1180
Let s(j) = -522312*j - 21414794. Determine s(-41).
-2
Let i(k) = 1954*k - 5341. What is i(3)?
521
Let o(w) = 1285*w + 100181. Determine o(-80).
-2619
Let i(p) = -p**2 + 3102*p + 144843. Give i(-46).
35
Let y(s) = -543*s - 21209. Determine y(-39).
-32
Let u(a) = 171790*a + 515373. Give u(-3).
3
Let c(s) = 2*s**3 - 86*s**2 + 75*s + 564. Calculate c(42).
186
Let o(f) = 261*f**3 - 32*f**2 + 20*f + 10. What is o(1)?
259
Let u(x) = x**3 - 23*x**2 - 29*x + 100. Give u(24).
-20
Let c(j) = 3*j**2 + 184*j - 178. What is c(-57)?
-919
Let i(h) = 893*h**3 + 879*h**2 - 8*h - 5. Calculate i(-1).
-11
Let m(w) = -3*w**3 - 36*w**2 + 230978*w + 2771737. What is m(-12)?
1
Let d(s) = -s**2 + 3605*s + 2470286. Give d(-589).
20
Let l(b) = -3*b**2 + 38820*b + 310596. What is l(-8)?
-156
Let x(u) = -2*u**2 - 1002*u + 55132. Give x(50).
32
Let u(i) = -5028*i - 35496. Give u(-7).
-300
Let x(w) = 179586*w - 3412120. Give x(19).
14
Let w(h) = 7107*h - 526277. Give w(74).
-359
Let l(w) = -w**2 + 989*w - 188600. Give l(258).
-2
Let m(t) = 486*t**2 + 1889*t - 3766. Calculate m(2).
1956
Let n(m) = -m**3 + 475*m**2 - 2602*m + 1235961. Give n(475).
11
Let d(l) = -l**3 - 8*l**2 + 1047*l + 530. Determine d(29).
-224
Let v(w) = 27*w**2 + 44*w - 2658. Determine v(11).
1093
Let h(b) = -1668*b - 13344. Give h(-8).
0
Let d(t) = -670*t - 60977. Calculate d(-91).
-7
Let j(k) = k**3 + 958*k**2 + 3797*k - 74. Give j(-4).
2
Let z(d) = -2*d**2 + 482*d + 3059. Calculate z(-6).
95
Let t(x) = -10*x**3 - 10419*x**2 + 94572*x + 75. Calculate t(9).
-6
Let w(l) = 62*l**2 + 2580*l + 1529. Determine w(-41).
-29
Let o(a) = -a**3 - 56*a**2 + 16615*a + 2599. What is o(104)?
-1
Let p(o) = 9*o**2 - 452*o + 850. Calculate p(48).
-110
Let h(l) = -4*l**3 - 18*l**2 + 61*l + 156. Determine h(-6).
6
Let b(p) = 9*p**3 - 3434*p**2 - 15442*p + 776. Determine b(386).
4
Let h(q) = -686*q - 24011. Calculate h(-42).
4801
Let g(h) = -3*h**3 - 838*h**2 - 8319*h + 5378. Give g(-269).
-2
Let q(x) = -15*x + 525. Calculate q(34).
15
Let w(t) = 2*t**2 + 1129153*t + 25969465. Determine w(-23).
4
Let i(p) = 45*p - 4616. Give i(108).
244
Let c(k) = -33*k**2 - 9*k + 3. Calculate c(4).
-56